+ 166 + (1 - (-7 + 6) - 14)
55
Evaluate 3 - (70 + -63 + 4 + (-70 - -3)).
59
What is (-29 - -35 - (-9 + 29 + 1) - -1) + 114?
100
What is the value of (-2 - 2) + (-8 + 18 - 4 - 5) + -31?
-34
Evaluate -7 - ((-12 - 0) + (2 - 11 - -20)).
-6
2 + -16 - (-75 - -82)
-21
What is the value of 19 - ((8 - -5 - 33) + -11)?
50
What is the value of -9 - ((-7 - 11 - -5) + 6 - (-3 - 64))?
-69
Calculate 11 - ((1 - 16) + -3 - (3 + 10)).
42
Evaluate (2 + -10 - (-33 - -56)) + 19.
-12
27 + (-1 - 0) - (155 - (238 - 87))
22
Evaluate 14 + (13 - 16) - (-1 - (67 - -2)).
81
What is 2 + 38 - (-3 + (11 - 2) - 3)?
37
What is 3 - -2 - (-5 - (-16 - (17 - (7 - 36))))?
-52
What is -1 - 160 - (11392 + -11490)?
-63
Calculate 13 - 30 - -29 - 18.
-6
What is the value of -49 - ((-418 - -419) + -13 + -2)?
-35
What is the value of 40 + ((16 - 9) + 15 - (10 - -1))?
51
(24 - (19 + -16)) + (-8 - -17 - 13)
17
Calculate -9 + (-31 + 45 + -27 - -29).
7
Calculate -2 - (8 + -62 + (4 + -4 - (-5 - -13))).
60
97 - ((47 - (32 + -9)) + -15 + 1) - -3
90
What is -75 - ((23 - 12) + -62)?
-24
What is -64 - (5 + -3) - (30 + -34 - (-7 + 3))?
-66
58 + -6 + (11 - 20)
43
Evaluate 47 - -33 - 49 - 81.
-50
What is (4 - 30 - (-226 + 218)) + -14?
-32
Evaluate 43 + -146 + 44 + 42.
-17
Calculate -18 + -17 + 1 + 9 + -8.
-33
Calculate -5 + (-35 - -16 - (-64 - -2)).
38
Calculate (73 - (22 + 13)) + 23.
61
What is (-2 + -7 - -12) + (-10 - -15 - (-2 - -65))?
-55
What is -4 - (119 + -142 + (-1 - -13))?
7
-16 - -7 - (-10 - (-13 + 4)) - 38
-46
What is the value of 29 - ((-17 - -23) + -61 + 29)?
55
Evaluate (-44 - (-28 + (114 - 49))) + (10 - 1).
-72
What is the value of 14 + -1 + (-22 - ((-6 - 23) + 15))?
5
What is 1 + (-10 - (7 + -6 + 5 + -59 + -2))?
46
Calculate 5 + 10 + 7 + (-2 - (12 + -13) - 8).
13
-3 + (1 - (8 + -27) - 32)
-15
Evaluate (93 - 77 - (-3 + 19)) + -40.
-40
12 + (35 - (72 - 21) - (-2 + -12))
10
What is the value of 3 + -12 + -13 + -7 + -13?
-42
What is 7 + -13 - ((130 - 153) + (0 - -7))?
10
Evaluate -8 - (16 - 10 - -24).
-38
-8 - (6 - ((1 - -20) + (184 - 197)))
-6
13 - -19 - -42 - 114
-40
What is -83 + 2 + (114 - 57)?
-24
Calculate 88 - (113 - (34 + 53)).
62
What is the value of 18 + -8 + -4 + -5 - -1 - 48?
-46
-43 - (15 - -15 - -8 - 23)
-58
Evaluate (-16 - 9 - -12) + 29 + -7 + -3 - -116.
122
What is -16 + -3 + 66 + (-2 - (-1 - -10) - -7)?
43
Calculate -6 + (2 - (3 - 5)) + -17 + (634 - 570).
45
Calculate -534 + 516 - (-49 + -3 + 0).
34
What is the value of -24 + (14 - 6 - 8) - (120 + -115)?
-29
What is (1207 - 1231) + (-31 - (2 - 3))?
-54
What is the value of (-10 + 4 - (-17 + (6 - -11) + -21)) + -137?
-122
Calculate -28 - (-68 + (105 - -15)).
-80
Evaluate -12 - (-2 + 12) - (-71 - 0).
49
What is (4 - (-7 - -7) - 17) + (-20 - -5)?
-28
What is the value of (53 - 128) + 2 - -1?
-72
(-44 - 79) + 177 + -1 + 33
86
Evaluate 9 - -16 - 10 - -23 - (-15 - 2).
55
(46 + -15 - 16) + 24 + 23
62
What is 3 + 10 - (-6 + -12 + -4 + 17)?
18
What is the value of (1 - 59) + (10 - -94) + -92?
-46
-6 + 1 + (-80 - 1) + (-1 + 8 - 0)
-79
What is the value of (-20 - -9 - -22 - 22) + -89 + -10?
-110
Evaluate -3 - (-18 + (13 - (-7 - -20))).
15
(91 - 22) + 165 + -246
-12
Calculate 16 + -17 - (3 - (-1 + -5)) - (-45 + -2).
37
(5 - ((-21 - 16) + 34 + 2 + 0)) + -6
0
What is (-3902 - -3889) + -58 + 0?
-71
Calculate 1 + 0 - 10 - (27 + (0 - (21 + 14))).
-1
What is (10 - 8) + (-10 - (-27 + 10) - (-1 - -7))?
3
What is the value of 7 + (-9 - 1) + 5 - (2 + -53)?
53
Evaluate 9 + -6 + 102 + (4 - 5) + (87 - 95).
96
Calculate 26 - (8 - (33 - 16)) - 26.
9
What is the value of -7 + -10 - ((-10 - -14) + 4 - 2)?
-23
What is (165 - 259) + 4 + -4 + 5 + 4?
-85
Calculate (16 + 4 - 5) + 125 + (-86 - -49).
103
Evaluate -19753 + 19859 + 0 + 7.
113
Evaluate -9 + (-9 - (32 + (-4 - -2))).
-48
Evaluate -21 + 119 + -33 + -65.
0
14 + (-119 - -51) - -36
-18
Evaluate -12 + (11 - 9 - -6 - 17) + 23.
2
(-36 - -85 - 132) + 188
105
What is 14 - (-22 + -2 + 30 + 20)?
-12
Evaluate 10 - (46 + (44 + -39 - 44)).
3
Calculate (16 - -115) + 14 + (-53 - -20).
112
Calculate -1 - (-32 + 41 + 0 - (53 - 0)).
43
Calculate 27 + 8 + -50 - (0 - (28 + 5)).
18
What is 37 - (-42 + 62 + 14) - (5 - 0)?
-2
-272 - -294 - ((4 + -5 - -43) + 1)
-21
8 - (1 + -3) - (5277 + -5293)
26
19 + (25 - 28) - ((2 - (4 - -2)) + -2)
22
What is -360 + -213 + 478 - (-1 + -6)?
-88
Calculate 10 - (-3 - (-3 + -5 - 4) - (9 - -3)).
13
-14 + 118 + -80 + (0 - 34)
-10
-43 + 2 + -1 - (0 + 5 - (-139 + 145))
-41
What is the value of -54 + (-6 + -2 - -36 - 15)?
-41
8 - 19 - (1 + -7 - (7 + (-10 - -3)))
-5
Calculate -2 + (-2 - -6) - (13 + 12 + -52 + 29).
0
What is (-8 - -18 - 1) + -7 - 19?
-17
What is the value of -1 + 4 + -18 - (-109 + 57 - 3)?
40
Calculate (4 - 44) + (20 - (33 + -19)).
-34
Calculate (13 - (-135 - -103)) + (22 - 0) + 6.
73
Evaluate 148 - 223 - (-53 + -2).
-20
Calculate (18 - -24) + -32 + 7 + 18.
35
What is (-10 - (43 - 38)) + (-2 - (2 - 14))?
-5
-68 - -63 - (1 + -1) - (-47 - -10 - -10)
22
30 - ((42 - 82 - -10) + (19 - -1))
40
Evaluate 110 - 107 - (19 - -1) - -20.
3
What is 2275 + -2296 - (1 + 23)?
-45
What is the value of (-6 - -5) + 0 + -1 + -1 + -5 + 3?
-5
Evaluate -1 + 3 - ((-177 - -64) + 97).
18
What is the value of 34 - 65 - -68 - -57?
94
Evaluate -98 + -22 + (-188 - -173).
-135
What is -5 + -9 + 40 + 0 + -4?
22
Calculate -61 + (-64 + 205 - 83).
-3
What is -19 - 2 - (116 - (159 - 68))?
-46
(-61 - (36 - 76)) + -10
-31
Evaluate (-44 - (-24 - -6)) + 82 + -37.
19
What is the value of 38 - (-37 - -34) - 3?
38
What is the value of 0 - 21 - (49 + -45 - -8)?
-33
Calculate -92 - (-21 - (-88 - -208)).
49
(19 - (5 - (11 - 17))) + -4 + 63
67
Evaluate 20 + -29 + -29 + 76.
38
-21 + (-50 - -36 - (-2 - 4) - -1)
-28
What is the value of 54 + -19 - (-9 - 4) - (-1 + (1 - -1))?
47
Calculate (-4 + -3 + (-48 - -36) - -123) + -8 + 3.
99
Calculate 94 + 13 - (309 - 60).
-142
(6 - 124) + 68 - 3
-53
What is the value of 29 + -80 + 16 - ((-1 - -1) + 14 + -4)?
-45
What is -131 + 146 + -32 + -3 - 12?
-32
What is the value of -12 - -3 - ((2 + -6 - 7) + -2)?
4
56 + (-6 - -21 - 37) + 15
49
What is the value of 47 + (14 - 107) - (3 + 15 + -3)?
-61
Evaluate 0 + 53 + (52 - 24 - 46 - 0).
35
-50 + (46 - 96) + 140
40
Calculate 82 - (7 + -11 + 53).
33
Evaluate -94 + (-66 - 36) - -140.
-56
Evaluate (11 + 2 + -25 + 17 - 10 - 46) + -4.
-55
What is 0 - -4 - (-6 + (13 - (14 - 15)) + 32)?
-36
Evaluate 38 + -3 - (521 - 481).
-5
What is the value of -107 - -62 - (15 - 35)?
-25
Calculate -21 + 14 + -2 + -35 + -16 + -3 + 16.
-47
-45 + 11 + -1949 + 1879
-104
What is the value of 88 + (-40 - -27) - 170?
-95
Evaluate 62 - (-21 + (-19 - -22) + (2 - -24)).
54
Evaluate 12 + 1 - (16 - (59 + -79)).
-23
What is (-5 + 63 - 46) + 64 + 1?
77
What is -47 + 40 + -1 + -719 + 835?
108
What is the value of 17 - ((63 - 11) + -47)?
12
What is 34 - 4 - (-184 + 183)?
31
Evaluate -40 - (-5 - -1) - (34 - -14).
-84
-46 - (-85 - -19) - 69
-49
Calculate 9 + (58 - 26) + -28 + 31.
44
Evaluate -9613 - -9616 - (0 - 13).
16
-16 + ((-29 - -35) + 5 + -3 + -14 - -9)
-13
Calculate (79 - 52) + 5 - 10.
22
What is 48 + 41 + -59 - 19?
11
What is 23 + 0 + -11 + -125 + 153?
40
What is the value of (-11 - (1 + 0)) + (4 - 16 - 38 - 5)?
-67
Calculate -1 - (3 + -3 + -4) - (-40 + (-40 - -138)).
-55
What is 126 + 114 + -331 - ((-7 - 2) + 2)?
-84
-54 + 28 - (-11 + (-125 - -16))
94
Calculate -23 + 30 + 24 + -10 + -40.
-19
Calculate -1 + -8 - ((-19 - (3 - 20)) + (1 - -37)).
-45
What is -5 + (35 - 11) + (24 - 42)?
1
What is the value of (-18 - (-12 + (9 - (1 - -2)))) + -3 + 148?
133
What is 6 - (20 + 3 + (3 - 19) + -2)?
1
Evaluate 36 + 25 + -125 + 37.
-27
What is the value of 13 - (-5 - (-22 - -9)) - -33?
38
What is the value of 34 + -88 + 26 + -1?
-29
Evaluate 1 + (-13 - 11) + 31 - (41 - -1).
-34
Evaluate 3 + -4 - 2 - (8 + 16 + -1).
-26
Evaluate -78 + 91 + (1 - -4) + (11 - 62).
-33
What is the value of 9 + (-2 - 10) + 6 + 7 + -15 + -47?
-52
What is 28 + (12 - (9 - -2)) + 7?
36
What is the value of (-26 + (-39 - -21) - -56) + 2?
14
What is the value of 32 - (24 - (-2 + (-6 - 8) - -23))?
15
Evaluate (-19 - -2) + (5 + (-10 - -8) - 10).
-24
(0 - 28) + (-57 - (-136 - -68))
-17
Calculate (-28 - -21 - ((4 - 0) + -2)) + -6 - -5.
-10
What is 3 - ((2 - 5) + 5) - (-65 - -19)?
47
Calculate 40 + (23 - (-34 + (21 - -2